5).
-3
Let c(l) = 2*l - 19. Calculate c(0).
-19
Let i(y) = y**3 - 4*y**2 + 6*y - 3. Give i(3).
6
Let y(b) = b**3 - b**2 + b - 13. Calculate y(0).
-13
Let h(q) = -2*q + 32. Calculate h(16).
0
Let h(g) = g**3 + 2*g + 3. Give h(-2).
-9
Let r(x) = -18*x**2 + 3*x + 2. Determine r(-2).
-76
Let m(v) = 8*v + 51. Give m(10).
131
Let m(q) = -2*q**3 - 2*q**2 + 8*q + 3. What is m(-5)?
163
Let r(f) = -7*f**3 + 2*f**2 - 2*f + 1. Determine r(1).
-6
Let t(n) = -16*n**3 + n**2 - 3*n - 2. Give t(-1).
18
Let v(f) = f**3 - 33*f**2 - 109*f + 48. Calculate v(36).
12
Let a(d) = -d - 4. Calculate a(-9).
5
Let u(d) = d**3 - 12*d**2 + 19*d + 8. Determine u(10).
-2
Let n(o) = -197*o + 3. What is n(0)?
3
Let v(z) = -8*z**2 - z + 1. What is v(-1)?
-6
Let t(j) = 2*j**2 - 31*j - 6. What is t(15)?
-21
Let x(o) = -o**2 + 3*o + 5. Give x(0).
5
Let h(p) = -p**2 - 4*p + 10. What is h(-6)?
-2
Let f(u) = 4*u - 33. Determine f(11).
11
Let c(i) = 11*i**2 - 32*i + 3. What is c(3)?
6
Let b(x) = -x**3 - 6*x**2 - 3*x - 6. What is b(-5)?
-16
Let o(c) = -c + 9. Determine o(4).
5
Let s(n) = -n**3 + 12*n**2 + 29*n + 3. Determine s(14).
17
Let j(w) = w**2 - 5*w + 12. Calculate j(6).
18
Let o(r) = 3*r - 19. Determine o(9).
8
Let d(q) = -4*q**2 - 6*q - 10. Calculate d(-3).
-28
Let a(d) = -3*d + 13. What is a(-11)?
46
Let j(h) = h**2 - 7*h + 2. Calculate j(3).
-10
Let d(j) = -2*j - 12. Calculate d(-9).
6
Let d(h) = 7*h - 35. Give d(6).
7
Let d(c) = -3*c**2 + 23*c + 11. Calculate d(8).
3
Let r(p) = 19*p**3 + p**2 + 2*p + 3. Give r(-2).
-149
Let i(q) = -q**3 + 17*q**2 - 40*q - 27. What is i(14)?
1
Let o(s) = -2*s**2 - 8*s - 4. Give o(-4).
-4
Let p(a) = -a**3 - 13*a**2 - a - 1. Calculate p(-13).
12
Let i(m) = m**2 + m. What is i(5)?
30
Let m(u) = u**2 + 7*u - 12. What is m(-14)?
86
Let n(y) = -2*y - 18. What is n(0)?
-18
Let y(b) = b**2 - 17*b - 198. Determine y(-8).
2
Let z(t) = -t**2 + 21*t - 102. What is z(16)?
-22
Let n(y) = y**3 + 5*y**2 - 6*y + 15. Give n(-6).
15
Let b(c) = -2*c**2 - 5. Determine b(-5).
-55
Let j(b) = -21*b + 245. What is j(11)?
14
Let s(j) = 27*j - 29. Determine s(1).
-2
Let g(p) = p**2 + 11*p - 21. What is g(-11)?
-21
Let o(d) = d**2 + 6*d + 7. Give o(-2).
-1
Let g(s) = -2*s**2 + 9*s + 4. Determine g(6).
-14
Let z(n) = -2*n - 17. Determine z(-7).
-3
Let k(t) = -t**2 + 30*t + 252. Calculate k(37).
-7
Let z(g) = -g**3 + 5*g**2 - 4*g + 10. What is z(5)?
-10
Let y(l) = -7*l + 8. What is y(3)?
-13
Let b(v) = -2*v**2 + v - 5. Calculate b(-4).
-41
Let v(z) = 68*z**3 + 3*z**2 - 2. What is v(1)?
69
Let l(k) = k**3 + 7*k**2 - 10*k + 3. What is l(2)?
19
Let y(o) = -39*o + 112. Determine y(3).
-5
Let n(k) = 4*k + 28. What is n(-10)?
-12
Let y(n) = -n**2 - n + 2. Give y(-3).
-4
Let m(w) = -w**2 + 10*w - 13. Determine m(6).
11
Let u(a) = a**3 + a**2 - 8*a + 1. Calculate u(3).
13
Let d(k) = -3*k - 5. Calculate d(4).
-17
Let f(y) = 20*y**3 - y**2 - y. Determine f(1).
18
Let q(m) = 60*m**2. What is q(1)?
60
Let v(t) = -21*t**3 - 9*t**2 - 9*t - 1. Give v(-1).
20
Let c(x) = 54*x - 528. What is c(10)?
12
Let i(o) = -o**2 + 171*o + 1613. Calculate i(-9).
-7
Let z(l) = -2*l**2 - 7*l - 1. Calculate z(-5).
-16
Let y(v) = v**2 + 10*v. Calculate y(-9).
-9
Let r(k) = -5*k**2 + k + 16. Give r(0).
16
Let k(x) = -x**3 + 5*x**2 + x - 4. Determine k(3).
17
Let g(v) = -2*v**2 + 3. What is g(-2)?
-5
Let x(y) = -11*y + 90. Determine x(8).
2
Let v(z) = 2*z**2 - 13*z + 27. Determine v(7).
34
Let c(p) = 6*p + 108. Give c(-18).
0
Let t(x) = -2*x**2 + 30*x - 34. Calculate t(13).
18
Let l(r) = -r**2 + 3*r + 2. Calculate l(4).
-2
Let h(k) = k - 9. Determine h(5).
-4
Let v(q) = -q**3 + 20*q**2 + 22*q - 27. Determine v(21).
-6
Let z(i) = -i + 29. Give z(13).
16
Let g(t) = -11*t + 13. Give g(2).
-9
Let a(k) = 12*k + 2. Calculate a(-3).
-34
Let i(r) = -3*r - 2. Determine i(-1).
1
Let y(c) = -8*c - 2. What is y(-2)?
14
Let b(h) = 9*h + 23. Calculate b(-3).
-4
Let u(g) = -g**3 + 3*g**2 - 5*g + 5. Give u(3).
-10
Let r(q) = q**3 + 9*q**2 + 9*q + 10. Determine r(-8).
2
Let v(s) = 5*s + 24. What is v(-6)?
-6
Let l(m) = m**3 - 11*m**2 - 30*m + 63. What is l(13)?
11
Let t(s) = -28*s - 227. Give t(-8).
-3
Let u(o) = 22*o**2 + 116*o + 16. Give u(-5).
-14
Let g(n) = -n**2 - 26*n - 81. Calculate g(-21).
24
Let q(g) = -g**3 + 11*g**2 - 8*g - 23. What is q(10)?
-3
Let v(k) = 3*k - 13. Calculate v(-20).
-73
Let y(h) = -h**3 - 2*h**2 + 3*h + 7. Calculate y(-3).
7
Let q(w) = 5*w - 129. Give q(26).
1
Let m(a) = a**3 - 18*a**2 - 21*a + 25. What is m(19)?
-13
Let n(g) = -g**2 - 3*g - 4. Calculate n(-8).
-44
Let z(l) = 2*l**3 + 30*l**2 + l + 26. Determine z(-15).
11
Let d(w) = -2*w**2 - 48*w + 26. Determine d(-21).
152
Let l(u) = u**3 - 5*u**2 - 4*u - 7. Determine l(6).
5
Let x(m) = 3*m**3 + 9*m**2 + 7*m. Give x(-3).
-21
Let s(d) = d**3 + d**2 + 19. Determine s(0).
19
Let x(u) = -4*u - 12. What is x(-6)?
12
Let h(u) = 19*u - 505. Calculate h(27).
8
Let u(j) = -2*j**3 + 3*j**2 - 2*j - 1. Calculate u(2).
-9
Let l(f) = -f**2 + 20*f + 12. Give l(21).
-9
Let s(t) = -t**2 + 13*t + 19. What is s(15)?
-11
Let c(t) = -t**3 - 6*t**2 + t + 13. What is c(-6)?
7
Let r(x) = 2*x**3 - 6*x**2 + 6*x - 23. What is r(3)?
-5
Let k(m) = 18*m - 62. What is k(8)?
82
Let i(j) = 12*j**2. Give i(-1).
12
Let t(r) = r**3 - 11*r - 7. What is t(-3)?
-1
Let t(f) = 2*f**3 - 5*f**2 - 4*f + 10. Determine t(3).
7
Let i(z) = -6*z - 68. Give i(-7).
-26
Let h(v) = -2*v**2 - 125*v - 72. Determine h(-62).
-10
Let q(x) = -x**3 - 14*x**2 + 12*x - 25. What is q(-15)?
20
Let n(b) = b**3 + 11*b**2 + 10*b - 20. What is n(-10)?
-20
Let b(a) = -2*a**2 - 48*a - 269. What is b(-8)?
-13
Let n(q) = -q**2 - 9*q - 10. Calculate n(-7).
4
Let z(m) = -m**2 - 4*m + 20. Give z(6).
-40
Let b(u) = -9*u**3 - 2*u**2 - 10*u - 9. Calculate b(-1).
8
Let f(c) = c**2 + 5*c - 21. Determine f(11).
155
Let w(q) = 4*q + 37. What is w(-10)?
-3
Let d(m) = -5*m + 3. What is d(7)?
-32
Let d(y) = -2*y**3 + 13*y**2 + 4*y - 6. Give d(7).
-27
Let z(n) = 2*n + 3. Give z(-8).
-13
Let m(n) = n**2 - 3*n + 4. Calculate m(2).
2
Let b(u) = u**2 + 24*u + 132. Determine b(-6).
24
Let z(v) = -3*v - 44. What is z(-17)?
7
Let y(x) = -7*x - 21. Calculate y(-5).
14
Let u(x) = x**3 - 8*x**2 + 4*x + 3. Calculate u(7).
-18
Let v(g) = 2*g**2 + 12*g + 16. Give v(-6).
16
Let j(p) = p + 20. Determine j(-5).
15
Let n(a) = 9*a + 4. What is n(2)?
22
Let o(r) = r**3 + 5*r**2 - 10*r - 52. What is o(-5)?
-2
Let d(w) = -w**3 + 11*w**2 + 11*w + 26. Calculate d(12).
14
Let l(q) = -62*q - 359. Determine l(-6).
13
Let c(x) = 2*x + 3. Determine c(2).
7
Let g(o) = 6*o + 5. Calculate g(-2).
-7
Let g(a) = 3*a**2 - 32*a - 7. Calculate g(11).
4
Let i(y) = 16*y - 13. Determine i(5).
67
Let s(n) = 12*n - 57. Calculate s(5).
3
Let d(p) = p**2 - 14*p - 13. Calculate d(15).
2
Let c(q) = 6*q - 35. What is c(8)?
13
Let v(p) = -44*p**2 + p + 2. Determine v(-1).
-43
Let r(h) = -9*h**2 + 5*h + 5. Determine r(-1).
-9
Let v(z) = z - 13. Determine v(9).
-4
Let s(q) = 2*q**2 + 13*q - 19. What is s(-8)?
5
Let s(t) = -t**2 + 11*t - 6. What is s(11)?
-6
Let a(k) = -2*k**3 - 14*k**2 - 2*k + 2. What is a(-6)?
-58
Let s(b) = 2*b**2 - 36*b - 30. What is s(19)?
8
Let i(o) = -o**3 + o**2 + 3*o. Give i(0).
0
Let r(y) = y**3 - 13*y**2 + y - 6. Determine r(13).
7
Let u(s) = 6*s + 20. Determine u(-3).
2
Let r(c) = c**2 + c - 1. What is r(2)?
5
Let t(o) = -o**3 + 4*o**2 + o - 6. Give t(-3).
54
Let a(q) = 2*q - 27. Calculate a(12).
-3
Let a(l) = -l - 22. Calculate a(-29).
7
Let h(c) = -16*c - 583. Give h(-36).
-7
Let v(u) = -u**2 - 124*u + 1203. Give v(9).
6
Let u(y) = 8*y**3 - 3*y**2 + 8*y + 11. Calculate u(-1).
-8
Let i(o) = -o**3 + 8*o**2 - 11*o + 2. Determine i(8).
-86
Let c(b) = 5*b - 6. Calculate c(3).
9
Let k(n) = n + 17. Determine k(-5).
12
Let z(m) = -m**3 - 8*m**2 + 10*m + 9. What is z(-9)?
0
Let r(i) = -i**3 + 9*i**2 + 3*i - 14. Calculate r(7).
105
Let l(n) = -n**2 - 6*n - 4. Calculate l(-6).
-4
Let k(n) = n**3 + 10*n**2 - 11*n + 13. Calculate k(-11).
13
Let n(d) = d**2 - 3*d - 12. What is n(6)?
6
Let p(f) = 12*f - 9. Determine p(0).
-9
Let c(m) = m**2 - 4*m + 12. Calculate c(5).
17
Let t(y) = 119*y + 354. Determine t(-3).
-3
Let u(g) = g + 3. Give u(-2).
1
Let f(d) = 5*d + 2. Give f(4).
22
Let r(y) = -18*y**3 - 2*y**2 - 2*y - 1. Determine r(-1).
17
Let f(o) = o**2 - 